 common factor of 30652800 and 67456?
3968
What is the highest common divisor of 274934933 and 142?
71
Calculate the highest common divisor of 77009 and 545317.
53
What is the greatest common factor of 141 and 4875968?
47
What is the highest common factor of 956339 and 74?
37
What is the greatest common divisor of 7390 and 4111057?
739
Calculate the highest common factor of 145818806 and 12103.
931
Calculate the greatest common divisor of 2427867 and 2106.
351
What is the highest common factor of 84 and 6287106?
42
What is the greatest common factor of 12714 and 46722?
78
What is the greatest common factor of 1259819 and 284801?
187
Calculate the greatest common divisor of 15 and 197295405.
15
What is the highest common divisor of 46 and 7647247?
23
Calculate the highest common divisor of 113094723 and 21.
21
Calculate the highest common divisor of 65640 and 57160.
40
Calculate the highest common factor of 34 and 538173760.
34
Calculate the greatest common factor of 434 and 31074834.
434
What is the highest common divisor of 612662190 and 15?
15
Calculate the greatest common factor of 21615 and 14129005.
7205
Calculate the highest common factor of 60580 and 2583880.
260
What is the greatest common divisor of 4687 and 7893671?
109
What is the greatest common factor of 401835 and 13291705?
3115
What is the highest common divisor of 34332404 and 144652?
4988
What is the highest common divisor of 392121197 and 26?
13
What is the greatest common divisor of 6664 and 282642?
34
What is the highest common divisor of 4615 and 3838757?
923
Calculate the highest common factor of 2305 and 904021.
461
What is the greatest common divisor of 496 and 565200?
16
What is the highest common factor of 75502746 and 1224?
306
What is the greatest common factor of 4326 and 16702?
14
What is the greatest common factor of 5264 and 133714?
14
Calculate the greatest common factor of 1029485256 and 72.
24
What is the greatest common factor of 249482 and 834714?
158
Calculate the greatest common factor of 4050586 and 12626.
118
What is the highest common divisor of 1544368 and 4816?
112
What is the greatest common divisor of 1440015 and 2400?
15
What is the highest common divisor of 58609 and 11848559?
1363
Calculate the greatest common divisor of 1820 and 62918380.
140
Calculate the greatest common divisor of 1296296 and 82336.
248
What is the greatest common divisor of 4972 and 5504?
4
Calculate the greatest common divisor of 126 and 28579194.
126
Calculate the greatest common factor of 1980 and 1372980.
60
Calculate the highest common factor of 604 and 26152898.
302
Calculate the highest common divisor of 6047624 and 4598.
418
What is the greatest common factor of 109497 and 2453117?
1921
Calculate the highest common divisor of 15354453 and 3592.
449
Calculate the highest common factor of 483294 and 2061619.
2177
What is the highest common factor of 183123 and 459?
9
Calculate the highest common factor of 52861863 and 222.
111
What is the greatest common factor of 287792 and 6928?
16
What is the highest common factor of 337175572 and 808?
404
What is the greatest common factor of 26469 and 1336302?
153
What is the highest common factor of 439838 and 1863134?
4942
What is the highest common factor of 2299298 and 580334?
7346
What is the highest common factor of 21 and 3551679705?
21
What is the greatest common divisor of 4661 and 243906?
59
What is the highest common factor of 456070 and 16233?
773
What is the greatest common factor of 504400 and 4150?
50
Calculate the greatest common factor of 166800 and 12564488.
1112
What is the highest common factor of 10634455 and 27495?
3055
Calculate the greatest common factor of 14399 and 2533.
17
Calculate the greatest common factor of 7816 and 12392.
8
What is the greatest common factor of 20 and 13577690?
10
Calculate the highest common factor of 30781443 and 616.
77
Calculate the highest common factor of 2233 and 17090425.
319
Calculate the highest common factor of 13945 and 519445672.
2789
What is the greatest common factor of 103323 and 1539615?
1023
What is the greatest common factor of 216 and 18277056?
216
Calculate the greatest common divisor of 117389240 and 920.
920
Calculate the greatest common divisor of 578 and 8653.
17
What is the greatest common divisor of 160365140 and 1300?
260
Calculate the highest common divisor of 435387102 and 2346.
2346
What is the greatest common factor of 77347136 and 80?
16
What is the greatest common factor of 25382 and 819770?
686
What is the highest common factor of 632899 and 76051?
1289
What is the greatest common divisor of 97 and 41322679?
97
What is the highest common divisor of 47818934 and 38068?
614
What is the highest common divisor of 11776 and 10562816?
256
Calculate the highest common divisor of 97851 and 51207.
507
What is the greatest common divisor of 3192750 and 273240?
2970
What is the greatest common divisor of 57875895 and 13365?
495
Calculate the greatest common divisor of 8768 and 146624.
64
What is the greatest common divisor of 791605438 and 4108?
2054
What is the greatest common divisor of 1497 and 53983816?
499
Calculate the greatest common factor of 106119 and 738387.
117
What is the highest common factor of 2235 and 932115?
15
Calculate the greatest common factor of 23879208 and 1480.
296
What is the highest common factor of 17 and 3637853239?
17
What is the highest common factor of 269430 and 3661682?
2566
Calculate the highest common factor of 340646 and 19178.
86
Calculate the greatest common divisor of 2310 and 285747.
231
What is the highest common factor of 96580200 and 5400?
600
Calculate the greatest common divisor of 20124 and 41150772.
468
What is the highest common divisor of 8611899 and 7947?
2649
Calculate the greatest common divisor of 703 and 1385442.
19
What is the greatest common factor of 440 and 1966?
2
What is the highest common factor of 230914 and 99214?
878
What is the highest common divisor of 1488 and 57264?
48
Calculate the greatest common divisor of 2853340 and 712.
356
What is the highest common factor of 221 and 11193803?
17
Calculate the highest common factor of 60 and 907220.
20
Calculate the greatest common divisor of 28730 and 64740.
130
What is the greatest common divisor of 3234352 and 272?
272
What is the greatest common divisor of 260 and 6647888?
52
Calculate the greatest common divisor of 434176 and 1600.
64
Calculate the highest common factor of 32 and 122336.
32
What is the greatest common divisor of 14586 and 2686002?
66
What is the greatest common divisor of 4312671 and 396?
33
Calculate the greatest common factor of 658709 and 3860.
193
Calculate the highest common divisor of 914659654 and 382.
382
Calculate the greatest common factor of 1113 and 810453.
21
What is the greatest common divisor of 143 and 66919372?
13
What is the greatest common divisor of 87390 and 297090?
90
Calculate the greatest common divisor of 178849 and 93203.
2519
What is the greatest common factor of 5374311 and 81204?
303
Calculate the highest common divisor of 16 and 657240.
8
What is the highest common divisor of 25 and 9544675?
25
What is the highest common factor of 23004446 and 1?
1
Calculate the highest common divisor of 397531 and 22177.
331
Calculate the highest common factor of 195888 and 1772638.
742
What is the greatest common factor of 94952 and 14276?
332
Calculate the greatest common divisor of 1200 and 1324200.
600
What is the greatest common divisor of 2776 and 65721800?
2776
Calculate the greatest common divisor of 28842008 and 5240.
1048
What is the highest common divisor of 145288054 and 543528?
15098
What is the greatest common factor of 158871867 and 1617?
1617
What is the greatest common factor of 1801 and 216181?
1
Calculate the highest common divisor of 85991568 and 228.
228
Calculate the greatest common divisor of 17 and 4598296.
17
Calculate the greatest common divisor of 453568 and 13376.
1216
Calculate the highest common divisor of 67 and 17586495.
67
Calculate the greatest common factor of 21809 and 3164.
113
Calculate the highest common factor of 1866 and 429772766.
622
Calculate the highest common factor of 7335599 and 12091.
107
Calculate the greatest common divisor of 3888 and 31266.
162
What is the 